- 13, 113*c - 115*c - 40 = -5*l. Calculate the highest common factor of l and 78.
6
Suppose 5*b + 252 = 2*i, -131 = 4*b + 3*i + 66. Let v = b + 44. Let o be (-5)/15 - 109/v*2. Calculate the greatest common divisor of 12 and o.
12
Let x(p) = -2*p - 23. Let b be x(-11). Let g(o) = -316*o - 1. Let y be g(b). What is the highest common factor of 126 and y?
63
Let w = 2255 + -1428. Let l = -651 + w. Calculate the highest common factor of 616 and l.
88
Suppose -4*i = -a + 48 - 12, 0 = a - 6*i - 36. Calculate the highest common divisor of 69 and a.
3
Suppose 0 = -5*u - 5, -2*n = 2*u - 16 + 8. Suppose -w = z - 193, n*z - 734 - 223 = -3*w. What is the greatest common factor of z and 27?
27
Suppose 2*l = -14, -s - l + 1112 = -291. Calculate the highest common divisor of s and 150.
30
Let m = -28558 - -34166. What is the greatest common divisor of 16 and m?
8
Let u(b) = 313*b - 2188. Let k be u(7). Calculate the greatest common factor of k and 16.
1
Let l = 162 - 130. Let d(m) = -m**2 + 7*m + 4. Let s = -8 - -12. Let y be d(s). What is the greatest common factor of y and l?
16
Let d = -931 - -1023. Calculate the highest common divisor of 12 and d.
4
Let o = -1 - -3. Let y(k) = -2*k + 18. Let f be y(o). Calculate the highest common factor of f and 42.
14
Let l be ((-60)/8)/((-130)/2184). Let v = -197 - -386. What is the greatest common divisor of v and l?
63
Let h(j) = j - 12. Let w be h(8). Let v be (2 + 7/w)*4. Let d be (460/5 + -1)*v. What is the highest common factor of 7 and d?
7
Let d be (-6)/(-15)*(-325)/(-10). What is the highest common factor of 403 and d?
13
Suppose 33*r + 2*l = 31*r + 82, 0 = 5*r - 4*l - 232. What is the highest common divisor of r and 209?
11
Let m be (126/30 - 1)*5. Suppose -11*l = -15*l + m. Calculate the greatest common divisor of l and 8.
4
Let u = 443 - 139. Suppose 3*i + 76 = 7*i. What is the greatest common divisor of i and u?
19
Let w be 3 + -2 - (-36 + 5). Suppose -w = -5*f - 3*f. Let q be 2/4 + 26/f. Calculate the greatest common divisor of q and 7.
7
Let z(h) = 84*h - 6*h**2 + 8*h**2 + 68 + 4 - 4*h**2. Let v be z(41). Calculate the highest common factor of v and 14.
14
Suppose i - 25 = 50. Let d be (i/(-12))/(2/(-8)). Suppose 450 = -5089*l + 5091*l. What is the highest common factor of d and l?
25
Let l be (-1 + 5/15)/((-6)/(-9)) - -183. Calculate the greatest common factor of l and 884.
26
Let c(a) = -18*a**2 + 136*a + 54. Let w be c(6). What is the greatest common factor of 7918 and w?
74
Let n be (3/6)/((-2)/4). Let u be (0 + 1 + n)/(-1 + -2). Let b be 12 + u*2/8. Calculate the highest common factor of 12 and b.
12
Suppose o + 2*w = 23, -5*o - w = w - 107. Suppose 0 = -7*f + 8*f + 23. Let l be 2/(-7) - f/7. Calculate the highest common factor of l and o.
3
Suppose 3*x + 5*k - 1021 = 0, 8*k = -5*x + 3*k + 1715. Let f = 355 - x. Calculate the highest common divisor of 256 and f.
8
Let u = -13146 + 13147. Suppose z = 2*z - 98. What is the greatest common factor of z and u?
1
Suppose -4*z + 8600 = 2*g, 3*g - 6*z + z = 12856. What is the highest common factor of g and 148?
148
Let s = -1756 - -2500. Let f(k) = -8*k - 2. Let q be f(-8). What is the greatest common divisor of q and s?
62
Let o be (1059/(-63) + (-20)/(-140))*-60. What is the highest common divisor of 700 and o?
100
Suppose -67*k + 82*k = 42225. Calculate the greatest common factor of 10 and k.
5
Let x = -76 - -112. Suppose l = -2*l + 324. Suppose 0 = -3*n - q + 108, -5*n - 4*q = -2*n - l. Calculate the greatest common divisor of n and x.
36
Let t = -51 - -37. Let w be 330/12*t/(-35). Calculate the greatest common divisor of 55 and w.
11
Suppose o = 2*v + 34, -5*v - 67 = -2*o - 2*v. Let d = -20 + o. Let l = 302 + -296. What is the greatest common factor of d and l?
6
Let r be (582568/72)/7 - (2/9)/(-2). What is the greatest common divisor of 4 and r?
4
Suppose 102755*z - 102908*z = -2142. Suppose 2*g = i + 142, 9 = -4*i + 1. Calculate the greatest common divisor of g and z.
14
Let z(v) = -55*v + 3015. Let o be z(53). What is the highest common divisor of 108 and o?
4
Let z = -55 + 692. What is the greatest common factor of z and 26?
13
Let n(o) = 4*o + 0*o - 16*o + 44 + 2*o + 2*o. Let r be n(-17). What is the greatest common factor of r and 45?
45
Suppose -3*j + 170 + 72 - 56 = 0. What is the highest common factor of j and 5177?
31
Let q = -159 - -150. Let b(j) = 7*j**2 + 12*j - 11. Let n be b(q). What is the greatest common divisor of n and 28?
28
Suppose -3*y + 25 = -14. Let g be ((-309)/(-27) - 0) + (-248)/558. Let j be (y - g)*(-13)/(-2). What is the greatest common divisor of 13 and j?
13
Suppose -6*v + v - 4*j - 147 = 0, -2*j - 60 = 2*v. Let k be (-6)/v - 856/(-36). Let s = -804 + 812. Calculate the highest common divisor of k and s.
8
Let p(u) = 5*u**2 + 5*u + 2. Let l be p(-3). Let g be (-10 - -30)/((-15)/(-78)). What is the highest common divisor of g and l?
8
Suppose 37*m + 977648 = 209*m. Calculate the highest common divisor of m and 232.
116
Let a(i) = 2*i + 3578. Let r be a(52). Calculate the greatest common divisor of 789 and r.
263
Let z be 7/((-7)/(-40))*(293 - 1) + -6. What is the highest common divisor of z and 26?
26
Suppose 3*j = -4*m + 40, 2*j - 2*m = -3*j + 58. Suppose -k + j = 8. Suppose 3*l + y = k*y + 84, 3*y - 84 = -3*l. What is the highest common divisor of 7 and l?
7
Suppose 0 = -5*g + g + 84. Let l be 72 - (2 - 0)*(-2)/4. Let h = 199 - l. What is the highest common factor of g and h?
21
Let h(b) = -3*b**3 - 43*b**2 + 33*b + 38. Let o be h(-18). Calculate the highest common divisor of 282 and o.
94
Let f(y) = 2*y**2 - 14*y - 4. Let v be f(7). Let b be -4*(v - -1) - -6. What is the greatest common divisor of 2 and b?
2
Suppose -129 = -5*u + 121. Let q be (9 - 1) + (-42)/(56/8). Suppose -6*v + 6 = s - q*v, 3*v = 4*s - 43. What is the greatest common factor of s and u?
10
Let v be (-5)/(-2)*-6*(-18)/10. Suppose 33*h = v*h + 36. What is the highest common divisor of h and 15?
3
Let x be (-95)/15 + 1/3. Let t(k) = k**3 + 6*k**2 + 8. Let v be t(x). Calculate the highest common factor of 64 and v.
8
Let l be 16 - -1 - (-21 + 18). Calculate the greatest common factor of 890 and l.
10
Let j be 84/(0 + (-2)/(-5)). Let u(p) = p**3 - 29*p**2 + 158*p - 58. Let q be u(22). Calculate the greatest common factor of j and q.
30
Suppose 806 = u + 3*h - 880, -24 = -4*h. What is the greatest common divisor of 30 and u?
6
Let u = 14419 + -14303. Calculate the greatest common factor of 3 and u.
1
Let z(a) = 1397*a**3 - 4*a**2 - 27*a + 54. Let d be z(2). Calculate the highest common divisor of 20 and d.
20
Let h be 64/5 + 26/130. Let w be ((-3)/4)/((-4)/(-1248))*-4. What is the highest common divisor of h and w?
13
Let r be 11*(-13)/(39/(-126)). Calculate the highest common factor of r and 210.
42
Let q(w) = -14*w + 6. Let b(i) be the first derivative of 5*i**2/2 + 24*i + 7. Let l be b(-6). Let n be q(l). What is the highest common factor of n and 10?
10
Let g(t) be the third derivative of t**6/120 + t**5/20 - t**4/24 - 7*t**2. Let k be g(-3). Suppose -8 = -j - k. What is the greatest common factor of 1 and j?
1
Suppose 4*z = -2*z + 216. Let d be 240/z + ((-2)/(-3))/2. Let y = 38 + 25. Calculate the highest common divisor of d and y.
7
Let m(d) = -71*d**3 - 11*d**2 - 15*d + 27. Let p be m(-4). What is the greatest common factor of 55 and p?
55
Let x = 2077 - 1956. Calculate the greatest common factor of x and 11.
11
Let l = -24 - -36. Suppose -118*w + 2403 = 149*w. What is the highest common factor of l and w?
3
Suppose -182*d + 75*d = -4280. What is the greatest common factor of d and 655?
5
Let v be 72163/915 + (-4)/(-30). Suppose -25*x + v = -96. What is the highest common divisor of 63 and x?
7
Let u = 571 + -218. Let b = u - 313. What is the highest common factor of 20 and b?
20
Let o be (-656)/(-6) + 2/3. Let l be (2673/44 + -57)/(0 + (-1)/(-8)). What is the greatest common divisor of o and l?
10
Suppose 0 = -2*d - 2*h + 66, 3*d = 2*h + 56 + 23. Let w be (348/(-24))/((-3)/30). Calculate the highest common divisor of d and w.
29
Let l(h) = -h**2 + 36*h - 147. Let x be l(8). Suppose 0*a - 98 = 2*d + 2*a, 5*d + 241 = -3*a. Let p = d + x. Calculate the highest common factor of p and 45.
15
Let o(w) = -2*w**3 + 8*w**2 + 18*w + 5. Let c be o(5). 